{"id":1749,"date":"2022-08-04T06:40:39","date_gmt":"2022-08-04T03:40:39","guid":{"rendered":"https:\/\/tunturisuunnistus.fi\/2022\/?page_id=1749"},"modified":"2022-08-05T07:04:59","modified_gmt":"2022-08-05T04:04:59","slug":"lahtokaaviot","status":"publish","type":"page","link":"https:\/\/tunturisuunnistus.fi\/2022\/lahtokaaviot\/","title":{"rendered":"L\u00e4ht\u00f6kaaviot"},"content":{"rendered":"<p>Katso oma paikkasi l\u00e4ht\u00f6alueelta ennakkoon t\u00e4st\u00e4:<\/p>\n<p><a href=\"https:\/\/tunturisuunnistus.fi\/2022\/tunturi-2022-lahtokaavio-1-pv\/\">L\u00e4htokaavio 1 p\u00e4iv\u00e4<\/a> <a href=\"https:\/\/tunturisuunnistus.fi\/2022\/tunturi-2022-lahtokaavio-2-pv\/\">L\u00e4ht\u00f6kaavio 2 p\u00e4iv\u00e4<\/a><\/p>\n","protected":false},"excerpt":{"rendered":"<p>Katso oma paikkasi l\u00e4ht\u00f6alueelta ennakkoon t\u00e4st\u00e4: L\u00e4htokaavio 1 p\u00e4iv\u00e4 L\u00e4ht\u00f6kaavio 2 p\u00e4iv\u00e4<\/p>\n","protected":false},"author":10,"featured_media":0,"parent":0,"menu_order":0,"comment_status":"closed","ping_status":"closed","template":"","meta":{"footnotes":"","_links_to":"","_links_to_target":""},"_links":{"self":[{"href":"https:\/\/tunturisuunnistus.fi\/2022\/wp-json\/wp\/v2\/pages\/1749"}],"collection":[{"href":"https:\/\/tunturisuunnistus.fi\/2022\/wp-json\/wp\/v2\/pages"}],"about":[{"href":"https:\/\/tunturisuunnistus.fi\/2022\/wp-json\/wp\/v2\/types\/page"}],"author":[{"embeddable":true,"href":"https:\/\/tunturisuunnistus.fi\/2022\/wp-json\/wp\/v2\/users\/10"}],"replies":[{"embeddable":true,"href":"https:\/\/tunturisuunnistus.fi\/2022\/wp-json\/wp\/v2\/comments?post=1749"}],"version-history":[{"count":7,"href":"https:\/\/tunturisuunnistus.fi\/2022\/wp-json\/wp\/v2\/pages\/1749\/revisions"}],"predecessor-version":[{"id":1774,"href":"https:\/\/tunturisuunnistus.fi\/2022\/wp-json\/wp\/v2\/pages\/1749\/revisions\/1774"}],"wp:attachment":[{"href":"https:\/\/tunturisuunnistus.fi\/2022\/wp-json\/wp\/v2\/media?parent=1749"}],"curies":[{"name":"wp","href":"https:\/\/api.w.org\/{rel}","templated":true}]}}