{"id":1725,"date":"2022-08-03T18:12:01","date_gmt":"2022-08-03T15:12:01","guid":{"rendered":"http:\/\/tunturisuunnistus.fi\/2022\/?page_id=1725"},"modified":"2022-08-03T19:14:44","modified_gmt":"2022-08-03T16:14:44","slug":"lahtolistat-ja-tulokset","status":"publish","type":"page","link":"https:\/\/tunturisuunnistus.fi\/2022\/lahtolistat-ja-tulokset\/","title":{"rendered":"L\u00e4ht\u00f6listat ja tulokset"},"content":{"rendered":"<p><a href=\"https:\/\/resultfellows.com\/2022_tunturi\/\">Linkki l\u00e4ht\u00f6listoihin ja tuloksiin<\/a><\/p>\n<p>Mik\u00e4li nimesi tai emit-numerosi puuttuu l\u00e4ht\u00f6listasta, ole suoraan yhteydess\u00e4 tulospalveluun s\u00e4hk\u00f6postilla risto.kivinen@resultfellows.com<br \/>\nMik\u00e4li vuokraat emit-kortin, niin saat sen kisakansliasta. J\u00e4rjest\u00e4j\u00e4 lis\u00e4\u00e4 silloin kortin numeron tulospalveluun.<\/p>\n","protected":false},"excerpt":{"rendered":"<p>Linkki l\u00e4ht\u00f6listoihin ja tuloksiin Mik\u00e4li nimesi tai emit-numerosi puuttuu l\u00e4ht\u00f6listasta, ole suoraan yhteydess\u00e4 tulospalveluun s\u00e4hk\u00f6postilla risto.kivinen@resultfellows.com Mik\u00e4li vuokraat emit-kortin, niin saat sen kisakansliasta. J\u00e4rjest\u00e4j\u00e4 lis\u00e4\u00e4 silloin kortin numeron tulospalveluun.<\/p>\n","protected":false},"author":10,"featured_media":0,"parent":0,"menu_order":0,"comment_status":"closed","ping_status":"closed","template":"","meta":{"footnotes":"","_links_to":"","_links_to_target":""},"_links":{"self":[{"href":"https:\/\/tunturisuunnistus.fi\/2022\/wp-json\/wp\/v2\/pages\/1725"}],"collection":[{"href":"https:\/\/tunturisuunnistus.fi\/2022\/wp-json\/wp\/v2\/pages"}],"about":[{"href":"https:\/\/tunturisuunnistus.fi\/2022\/wp-json\/wp\/v2\/types\/page"}],"author":[{"embeddable":true,"href":"https:\/\/tunturisuunnistus.fi\/2022\/wp-json\/wp\/v2\/users\/10"}],"replies":[{"embeddable":true,"href":"https:\/\/tunturisuunnistus.fi\/2022\/wp-json\/wp\/v2\/comments?post=1725"}],"version-history":[{"count":4,"href":"https:\/\/tunturisuunnistus.fi\/2022\/wp-json\/wp\/v2\/pages\/1725\/revisions"}],"predecessor-version":[{"id":1740,"href":"https:\/\/tunturisuunnistus.fi\/2022\/wp-json\/wp\/v2\/pages\/1725\/revisions\/1740"}],"wp:attachment":[{"href":"https:\/\/tunturisuunnistus.fi\/2022\/wp-json\/wp\/v2\/media?parent=1725"}],"curies":[{"name":"wp","href":"https:\/\/api.w.org\/{rel}","templated":true}]}}