{"id":469,"date":"2018-03-13T20:17:09","date_gmt":"2018-03-13T18:17:09","guid":{"rendered":"http:\/\/tunturisuunnistus.fi\/2018\/?page_id=469"},"modified":"2018-03-28T10:56:29","modified_gmt":"2018-03-28T07:56:29","slug":"kilpailukutsu","status":"publish","type":"page","link":"https:\/\/tunturisuunnistus.fi\/2018\/kilpailukutsu\/","title":{"rendered":"Kilpailukutsu"},"content":{"rendered":"<p><strong>Kilpailukutsu <\/strong><\/p>\n<p><strong>Suomen Tunturisuunnistus Yll\u00e4s 4.-5.8.2018<\/strong><\/p>\n<p><strong>Sarjat<\/strong><br \/>\nParisarjat: H21A, B, C, D21A, C, sekasarjat HDA, B, C, maksimiyhteisik\u00e4sarjat H32, 38, D32, 38, minimiyhteisik\u00e4sarjat H80, 95, 110, 125, 140, D80, 95, 110, 125<br \/>\nHenkil\u00f6kohtaiset sarjat: HA, HB, DA, DB<br \/>\nKuntosarja: Voit osallistua yksin tai parin kanssa.<br \/>\nKaikkiin sarjoihin voi osallistua ilman lisenssi\u00e4. Sekaparisarjoissa (HDA, B ja C) ik\u00e4hyvitys 1 min\/vuosi, kun parin yhteisik\u00e4 ylitt\u00e4\u00e4 70 vuotta. Kyseisiin sarjoihin ilmoittauduttaessa on ilmoitettava kilpailijoiden syntym\u00e4vuodet, jos haluaa ik\u00e4hyvityksi\u00e4.<br \/>\n<strong><\/strong><\/p>\n<p><strong>Matkat<\/strong><br \/>\nErikoispitk\u00e4t matkat, joissa tavoiteajat sarjoissa H21 2,5 h ja D21 2 h. Muiden sarjojen matkat suhteutettuna n\u00e4ihin. Matkat tarkennetaan ja julkaistaan my\u00f6hemmin.<br \/>\n<strong><\/strong><\/p>\n<p><strong>Osanottomaksut<\/strong><br \/>\nParisarjat: 68 \u20ac\/pari, nuorten sarjat H\/D32-D38 60 \u20ac\/pari Henkil\u00f6kohtaiset sarjat: 34 \u20ac\/henkil\u00f6 Kuntosarja: 30 \u20ac\/henkil\u00f6 Yhden p\u00e4iv\u00e4n maksu on puolet edellisist\u00e4. J\u00e4lki-ilmoittautumisessa 1,5-kertaisin maksuin. Kuntosarja kisapaikalla 25 \u20ac henkil\u00f6\/pv.<br \/>\n<strong><\/strong><\/p>\n<p><strong>Ilmoittautuminen<\/strong><br \/>\nTorstaihin 26.7.2018 klo 24.00 menness\u00e4 ensisijaisesti IRMA-j\u00e4rjestelm\u00e4n kautta. My\u00f6s osanottajien, joilla ei ole lisenssi\u00e4, tulee rekister\u00f6ity\u00e4 Irma-j\u00e4rjestelm\u00e4\u00e4n ja ilmoittautua sen kautta. Rekister\u00f6ityminen IRMA-j\u00e4rjestelm\u00e4\u00e4n ei vaadi lisenssin lunastamista. Osallistuminen maksetaan IRMA-j\u00e4rjestelm\u00e4n kautta samanaikaisesti ilmoittautumisen kanssa.<\/p>\n<p>Ilmoittautumisen yhteydess\u00e4 ilmoitettava kilpailijoiden Emit-numerot. Ilmoittamatta j\u00e4tt\u00e4neille varataan vuokrakortti, jonka saa infosta hintaan 5 \u20ac\/p\u00e4iv\u00e4. Sekaparisarjoissa (HDA, B ja C) ilmoitettava my\u00f6s kilpailijoiden syntym\u00e4vuodet (syntym\u00e4ajan lis\u00e4\u00e4minen kilpailijan henkil\u00f6tietoihin IRMA-j\u00e4rjestelm\u00e4ss\u00e4 riitt\u00e4\u00e4).<\/p>\n<p>IRMA-j\u00e4rjestelm\u00e4ss\u00e4 voi ilmoittautua vain molemmille kilpailup\u00e4iville. Ilmoittautuminen tehd\u00e4\u00e4n ensimm\u00e4isen kilpailup\u00e4iv\u00e4n 4.8.2018 kautta. Ilmoittautuminen vain yhdelle p\u00e4iv\u00e4lle tulee tehd\u00e4 s\u00e4hk\u00f6postilla osoitteeseen risto.kivinen&lt;at&gt;resultfellows.com (maksu samanaikaisesti tilille: Alatornion Pirkat, FI0754750020060385). Kuntosarjaan voi ilmoittautua my\u00f6s kisapaikalla, mutta suosittelemme ennakkoilmoittautumista.<\/p>\n<p>Ohjeet ilmoittautumiseen IRMA-j\u00e4rjestelm\u00e4ss\u00e4:\u00a0<a href=\"http:\/\/www.suunnistusliitto.fi\/system\/wp-content\/uploads\/2014\/11\/Ilmoittautuminen-viestikilpailuun.pdf\">http:\/\/www.suunnistusliitto.fi\/system\/wp-content\/uploads\/2014\/11\/Ilmoittautuminen-viestikilpailuun.pdf<\/a><\/p>\n<p>J\u00e4lki-ilmoittautuminen 1,5-kertaisin osanottomaksuin tiistaina 31.7.2018 klo 24.00 menness\u00e4 samalla tavalla kuin varsinainen ilmoittautuminen. Kuntosarjaan voi ilmoittautua my\u00f6s kisapaikalla infossa.<br \/>\n<strong><\/strong><\/p>\n<p><strong>Leimaus<\/strong><br \/>\nEmit-leimaus, parisarjoissa molempien kilpailijoiden tulee k\u00e4ytt\u00e4\u00e4 Emit-korttia. J\u00e4rjest\u00e4j\u00e4 vuokraa kortteja hintaan 5 \u20ac\/kpl. Kaikki kilpailijan tietojen ja emit-leimasimien muutokset kisapaikalla maksavat 5 \u20ac\/hl\u00f6.<br \/>\n<strong><\/strong><\/p>\n<p><strong>Opastus<\/strong><br \/>\nPerjantaista 4.8. klo 18 alkaen maantielt\u00e4 940 \u00c4k\u00e4slompolon kyl\u00e4n pohjoispuolelta. Osoite: Karilantie 31, 95970 \u00c4k\u00e4slompolo. Ei pys\u00e4k\u00f6intimaksua.<br \/>\n<strong><\/strong><\/p>\n<p><strong>L\u00e4hd\u00f6t<\/strong><br \/>\nLa 4.8. yhteisl\u00e4ht\u00f6 klo 14.00. Kuntosuunnistuksen yhteisl\u00e4ht\u00f6 klo 14.15.<br \/>\nSu 5.8. yhteisl\u00e4ht\u00f6 klo 9.30. Kuntosuunnistuksen yhteisl\u00e4ht\u00f6 klo 9.45.<br \/>\n<strong><\/strong><\/p>\n<p><strong>Kartta<\/strong><br \/>\nTunturisuunnistuskartta 7\/2018, k\u00e4yr\u00e4v\u00e4li 5 m, mittakaava 1:25000 \/ 1:30000 ratapituuksista riippuen.<br \/>\n<strong><\/strong><\/p>\n<p><strong>Maasto<\/strong> Vaihtelevaa Pallas-Yll\u00e4stunturin kansallispuiston aluetta ja alueen etel\u00e4osan mets\u00e4maastoa. Korkeuserot ovat suurehkot ja kaikilla radoilla pyrit\u00e4\u00e4n k\u00e4ym\u00e4\u00e4n avotunturissa.<br \/>\n<strong><\/strong><\/p>\n<p><strong>Palkinnot<\/strong><br \/>\nKunniapalkinnot yhteistulosten perusteella sarjoittain. Kuntosarjoissa on arvontapalkintoja. Tunturinvalloittajamitalit jaetaan 10, 20 ja 25 osallistumiskerran mukaan ja ne jaetaan sunnuntaina infosta.<br \/>\n<strong><\/strong><\/p>\n<p><strong>Muksula<\/strong><br \/>\nKilpailukeskuksessa on muksula, johon tulee ennakkoilmoittautua viimeist\u00e4\u00e4n 1.8.2018 menness\u00e4 s\u00e4hk\u00f6postitse osoitteella: muksula.tunturi&lt;at&gt;gmail.com. Ilmoittautumisen yhteydess\u00e4 tulee mainita muksulaan tulevan lapsen nimi ja ik\u00e4 sek\u00e4 huoltajan nimi ja puhelinnumero. Muksulan maksu on 5 \u20ac\/p\u00e4iv\u00e4\/lapsi. Maksu suoritetaan k\u00e4teisell\u00e4, kun lapsi tuodaan muksulaan.<br \/>\n<strong><\/strong><\/p>\n<p><strong>Kilpailukeskus<\/strong><br \/>\nNavettagalleria \u00c4k\u00e4slompolon Karilassa, kisatoimisto on avoinna pe 3.8. klo 18-21 ja la 4.8. alkaen klo 10. Peseytyminen on mahdollista \u00c4k\u00e4slompolon koululla, osoite: Koulutie 2, 95970 \u00c4k\u00e4slompolo.<br \/>\n<strong><\/strong><\/p>\n<p><strong>Toimihenkil\u00f6t<\/strong><br \/>\nKilpailunjohtaja Tero Taulavuori, p. 040 848 1665, taulavuori&lt;at&gt;kotikone.fi<br \/>\nRatamestari Arto Vilppola<br \/>\nTulospalvelu Risto Kivinen, ResultFellows, risto.kivinen&lt;at&gt;resultfellows.com<br \/>\nValvoja Raimo Tolonen, L\u00e4nRa<br \/>\nTiedotus Risto Luodonp\u00e4\u00e4, p. 040 820 1781, risto.luodonpaa&lt;at&gt;suomenmaa.fi<\/p>\n<p><strong>Lis\u00e4tiedot<\/strong> <a href=\"http:\/\/tunturisuunnistus.fi\/2018\/\">http:\/\/tunturisuunnistus.fi\/2018\/<\/a><\/p>\n<p>Pallas-Yll\u00e4stunturin kansallispuisto t\u00e4ytt\u00e4\u00e4 80 vuotta ja sen kunniaksi tullaan j\u00e4rjest\u00e4m\u00e4\u00e4n yleis\u00f6luento Luontokeskus Kellokkaalla mahdollisesti pe 3.8.2018. T\u00e4st\u00e4 tiedotetaan l\u00e4hemp\u00e4n\u00e4 ajankohtaa.<\/p>\n<p>Tervetuloa Pallas-Yll\u00e4stunturin kansallispuiston maisemiin!<\/p>\n<p>Alatornion Pirkat ry<\/p>\n","protected":false},"excerpt":{"rendered":"<p>Kilpailukutsu Suomen Tunturisuunnistus Yll\u00e4s 4.-5.8.2018 Sarjat Parisarjat: H21A, B, C, D21A, C, sekasarjat HDA, B, C, maksimiyhteisik\u00e4sarjat H32, 38, D32, 38, minimiyhteisik\u00e4sarjat H80, 95, 110, 125, 140, D80, 95, 110, 125 Henkil\u00f6kohtaiset sarjat: HA, HB, DA, DB Kuntosarja: Voit osallistua yksin tai parin kanssa. Kaikkiin sarjoihin voi osallistua ilman lisenssi\u00e4. Sekaparisarjoissa (HDA, B ja C) [&hellip;]<\/p>\n","protected":false},"author":14,"featured_media":0,"parent":0,"menu_order":0,"comment_status":"closed","ping_status":"closed","template":"","meta":{"footnotes":"","_links_to":"","_links_to_target":""},"_links":{"self":[{"href":"https:\/\/tunturisuunnistus.fi\/2018\/wp-json\/wp\/v2\/pages\/469"}],"collection":[{"href":"https:\/\/tunturisuunnistus.fi\/2018\/wp-json\/wp\/v2\/pages"}],"about":[{"href":"https:\/\/tunturisuunnistus.fi\/2018\/wp-json\/wp\/v2\/types\/page"}],"author":[{"embeddable":true,"href":"https:\/\/tunturisuunnistus.fi\/2018\/wp-json\/wp\/v2\/users\/14"}],"replies":[{"embeddable":true,"href":"https:\/\/tunturisuunnistus.fi\/2018\/wp-json\/wp\/v2\/comments?post=469"}],"version-history":[{"count":6,"href":"https:\/\/tunturisuunnistus.fi\/2018\/wp-json\/wp\/v2\/pages\/469\/revisions"}],"predecessor-version":[{"id":481,"href":"https:\/\/tunturisuunnistus.fi\/2018\/wp-json\/wp\/v2\/pages\/469\/revisions\/481"}],"wp:attachment":[{"href":"https:\/\/tunturisuunnistus.fi\/2018\/wp-json\/wp\/v2\/media?parent=469"}],"curies":[{"name":"wp","href":"https:\/\/api.w.org\/{rel}","templated":true}]}}