{"id":606,"date":"2014-07-31T22:46:49","date_gmt":"2014-07-31T19:46:49","guid":{"rendered":"http:\/\/tunturisuunnistus.fi\/2014\/?page_id=606"},"modified":"2014-07-31T22:46:49","modified_gmt":"2014-07-31T19:46:49","slug":"valvojan-lausunto","status":"publish","type":"page","link":"https:\/\/tunturisuunnistus.fi\/2014\/valvojan-lausunto\/","title":{"rendered":"Valvojan lausunto"},"content":{"rendered":"<h1 style=\"text-align: justify;\"><strong>Valvojan lausunto<\/strong><\/h1>\n<p style=\"text-align: justify;\">Tunturisuunnistus on edellisen kerran j\u00e4rjestetty Pallaksella 23 vuotta sitten. Alue tarjoaakin pitk\u00e4st\u00e4 aikaa upeat puitteet tapahtumalle.<\/p>\n<p style=\"text-align: justify;\">Ratojen noususummat ovat suuret. Ratamestarit ovat kuitenkin onnistuneet tarjoamaan reitinvalintamahdillisuuksia, joilla noususummaa saa niin halutessaan v\u00e4hennetty\u00e4.<\/p>\n<p style=\"text-align: justify;\">Kartan tulostuslaatu on hyv\u00e4. Kartta on selke\u00e4 my\u00f6s niill\u00e4 alueilla, joissa on runsaasti korkeusk\u00e4yri\u00e4. Joidenkin rastipisteiden alueilla on yleiseen peruskarttatasoon tehty t\u00e4ydennyksi\u00e4, jotta rastin l\u00e4heisyyden alue olisi rastille tulon ja itse rastipisteen kannalta riitt\u00e4v\u00e4n yksityiskohtainen.<\/p>\n<p style=\"text-align: justify;\">Hiihtolatujen ja muiden talvireittien pohjat on merkitty karttaan ohuella linjaa kuvaavalla katkoviivalla. Niiden erottuminen maastossa on mets\u00e4isill\u00e4 alueilla selke\u00e4\u00e4, mutta avosoilla ja muilla avoimilla alueilla erottuminen voi olla vaikeaa.<\/p>\n<p style=\"text-align: justify;\">Useat mets\u00e4isen suon merkinn\u00e4ll\u00e4 merkityt suot ovat melko avoimia ja ne ovat selkeit\u00e4. Soistuvan maan kuvaus on puolestaan ep\u00e4m\u00e4\u00e4r\u00e4isemp\u00e4\u00e4. Maasto onkin paikoin m\u00e4rk\u00e4\u00e4 ja raskasta runsaslumisen talven ja kolean kes\u00e4kuun viiv\u00e4stytt\u00e4mien lumien sulamisen vuoksi. Sinisell\u00e4 V-kuopan merkill\u00e4 on merkitty yli 100 m<sup>2<\/sup>:n lampia, joten mist\u00e4\u00e4n pienist\u00e4 vesikuopista ei niiden kohdalla ole kyse. Lampien vesitilanne vaihtelee suuresti. Tunturin rinteill\u00e4 olevat purot on merkitty p\u00e4\u00e4osin paikkoihin, joissa on joko vett\u00e4 tai uoman muodostelmaa.<\/p>\n<p style=\"text-align: justify;\">Tunturisuunnistus tarjoaa t\u00e4n\u00e4 vuonna monipuolista suunnistusta ja fyysist\u00e4 haastetta. Juomaa kannattaakin varata riitt\u00e4v\u00e4sti. Pidet\u00e4\u00e4n luonto kuitenkin siistin\u00e4 ja tuodaan tyhj\u00e4t juoma- ja geelipakkaukset pois maastosta.<\/p>\n<p style=\"text-align: justify;\">\n<p style=\"text-align: justify;\">Tero Taulavuori, Alatornion Pirkat<br \/>\nkilpailun valvoja<\/p>\n","protected":false},"excerpt":{"rendered":"<p>Valvojan lausunto Tunturisuunnistus on edellisen kerran j\u00e4rjestetty Pallaksella 23 vuotta sitten. Alue tarjoaakin pitk\u00e4st\u00e4 aikaa upeat puitteet tapahtumalle. Ratojen noususummat ovat suuret. Ratamestarit ovat kuitenkin onnistuneet tarjoamaan reitinvalintamahdillisuuksia, joilla noususummaa saa niin halutessaan v\u00e4hennetty\u00e4. Kartan tulostuslaatu on hyv\u00e4. Kartta on selke\u00e4 my\u00f6s niill\u00e4 alueilla, joissa on runsaasti korkeusk\u00e4yri\u00e4. Joidenkin rastipisteiden alueilla on yleiseen peruskarttatasoon tehty [&hellip;]<\/p>\n","protected":false},"author":2,"featured_media":0,"parent":0,"menu_order":0,"comment_status":"closed","ping_status":"closed","template":"","meta":{"footnotes":"","_links_to":"","_links_to_target":""},"_links":{"self":[{"href":"https:\/\/tunturisuunnistus.fi\/2014\/wp-json\/wp\/v2\/pages\/606"}],"collection":[{"href":"https:\/\/tunturisuunnistus.fi\/2014\/wp-json\/wp\/v2\/pages"}],"about":[{"href":"https:\/\/tunturisuunnistus.fi\/2014\/wp-json\/wp\/v2\/types\/page"}],"author":[{"embeddable":true,"href":"https:\/\/tunturisuunnistus.fi\/2014\/wp-json\/wp\/v2\/users\/2"}],"replies":[{"embeddable":true,"href":"https:\/\/tunturisuunnistus.fi\/2014\/wp-json\/wp\/v2\/comments?post=606"}],"version-history":[{"count":1,"href":"https:\/\/tunturisuunnistus.fi\/2014\/wp-json\/wp\/v2\/pages\/606\/revisions"}],"predecessor-version":[{"id":608,"href":"https:\/\/tunturisuunnistus.fi\/2014\/wp-json\/wp\/v2\/pages\/606\/revisions\/608"}],"wp:attachment":[{"href":"https:\/\/tunturisuunnistus.fi\/2014\/wp-json\/wp\/v2\/media?parent=606"}],"curies":[{"name":"wp","href":"https:\/\/api.w.org\/{rel}","templated":true}]}}