{"id":814,"date":"2019-07-29T18:04:36","date_gmt":"2019-07-29T15:04:36","guid":{"rendered":"http:\/\/tunturisuunnistus.fi\/2019\/?page_id=814"},"modified":"2019-07-29T18:04:36","modified_gmt":"2019-07-29T15:04:36","slug":"yleista","status":"publish","type":"page","link":"http:\/\/tunturisuunnistus.fi\/2019\/yleista\/","title":{"rendered":"Yleist\u00e4"},"content":{"rendered":"<h4><em>Yleistiedote\u00a0<\/em><\/h4>\n<p>&nbsp;<\/p>\n<h3>Suomen Tunturisuunnistus Kilpisj\u00e4rvell\u00e4 3.-4.8.2019<\/h3>\n<p>Suomen Tunturisuunnistus on vuosittain Lapin tuntureilla j\u00e4rjestett\u00e4v\u00e4 tapahtuma. T\u00e4n\u00e4 vuonna kilpailu k\u00e4yd\u00e4\u00e4n elokuun ensimm\u00e4isen\u00e4 viikonloppuna Kilpisj\u00e4rven upeissa maisemissa. J\u00e4rjestelyvastuussa ovat Lapin suunnistuksen j\u00e4senseurat vuorotellen. T\u00e4m\u00e4n vuoden kilpailun j\u00e4rjest\u00e4\u00e4 L\u00e4nsi-Rajan Rasti Ylitorniolta.<\/p>\n<p>Kilpailuun on ilmoittautunut ennakkoon yli 700 kilpailijaa. Kuntosarjoihin voi ilmoittautua viel\u00e4 tapahtuma-aamuina, joten voidaan odottaa, ett\u00e4 kokonaisosallistujam\u00e4\u00e4r\u00e4 nousee 750-800 kilpailijaan. Suurin osa sarjoista on parisarjoja, mutta my\u00f6s yksil\u00f6sarjoja valittavissa.<\/p>\n<p>Kilpailukeskus on Kilpisj\u00e4rven Luontokeskus, jossa sijaitsee my\u00f6s maali molempina p\u00e4ivin\u00e4. P\u00e4\u00e4sarjojen kilpailua voi seurata Kilpisj\u00e4rven luontokeskuksen GPS-l\u00e4hetyksest\u00e4 sek\u00e4 my\u00f6s internetist\u00e4.<\/p>\n<p>Kilpailu k\u00e4yd\u00e4\u00e4n Jehkatsin ja Ailakkavaaran tuntureilla ja v\u00e4limaastoissa. L\u00e4ht\u00f6paikka sijaitsee molempina p\u00e4ivin\u00e4 noin 1,5 km Kilpisj\u00e4rven kaupalta yl\u00f6s tunturiinp\u00e4in. Kilpailumatkoja on kuntosarjojen sek\u00e4 nuorimpien ja vanhiempien sarjojen noin kymmenest\u00e4 kilometrist\u00e4 p\u00e4\u00e4sarjojen miesten noin 25 kilometriin.<\/p>\n<p>Lauantaina kaikki sarjat l\u00e4htev\u00e4t klo 13. Sunnuntain takaa-ajol\u00e4hd\u00f6t alkavat klo 10. Ensimm\u00e4isi\u00e4 kisailijoita odotetaan maaliin lauantaina klo 14 ja sunnuntaina klo 11.<\/p>\n","protected":false},"excerpt":{"rendered":"<p>Yleistiedote\u00a0 &nbsp; Suomen Tunturisuunnistus Kilpisj\u00e4rvell\u00e4 3.-4.8.2019 Suomen Tunturisuunnistus on vuosittain Lapin tuntureilla j\u00e4rjestett\u00e4v\u00e4 tapahtuma. T\u00e4n\u00e4 vuonna kilpailu k\u00e4yd\u00e4\u00e4n elokuun ensimm\u00e4isen\u00e4 viikonloppuna Kilpisj\u00e4rven upeissa maisemissa. J\u00e4rjestelyvastuussa ovat Lapin suunnistuksen j\u00e4senseurat vuorotellen. T\u00e4m\u00e4n vuoden kilpailun j\u00e4rjest\u00e4\u00e4 L\u00e4nsi-Rajan Rasti Ylitorniolta. Kilpailuun on ilmoittautunut ennakkoon yli 700 kilpailijaa. Kuntosarjoihin voi ilmoittautua viel\u00e4 tapahtuma-aamuina, joten voidaan odottaa, ett\u00e4 kokonaisosallistujam\u00e4\u00e4r\u00e4 nousee [&hellip;]<\/p>\n","protected":false},"author":15,"featured_media":0,"parent":0,"menu_order":0,"comment_status":"closed","ping_status":"closed","template":"","meta":{"footnotes":"","_links_to":"","_links_to_target":""},"_links":{"self":[{"href":"http:\/\/tunturisuunnistus.fi\/2019\/wp-json\/wp\/v2\/pages\/814"}],"collection":[{"href":"http:\/\/tunturisuunnistus.fi\/2019\/wp-json\/wp\/v2\/pages"}],"about":[{"href":"http:\/\/tunturisuunnistus.fi\/2019\/wp-json\/wp\/v2\/types\/page"}],"author":[{"embeddable":true,"href":"http:\/\/tunturisuunnistus.fi\/2019\/wp-json\/wp\/v2\/users\/15"}],"replies":[{"embeddable":true,"href":"http:\/\/tunturisuunnistus.fi\/2019\/wp-json\/wp\/v2\/comments?post=814"}],"version-history":[{"count":1,"href":"http:\/\/tunturisuunnistus.fi\/2019\/wp-json\/wp\/v2\/pages\/814\/revisions"}],"predecessor-version":[{"id":816,"href":"http:\/\/tunturisuunnistus.fi\/2019\/wp-json\/wp\/v2\/pages\/814\/revisions\/816"}],"wp:attachment":[{"href":"http:\/\/tunturisuunnistus.fi\/2019\/wp-json\/wp\/v2\/media?parent=814"}],"curies":[{"name":"wp","href":"https:\/\/api.w.org\/{rel}","templated":true}]}}